{"id":6966,"date":"2021-03-25T15:30:29","date_gmt":"2021-03-25T13:30:29","guid":{"rendered":"http:\/\/matulji.hr\/pocetna\/?page_id=6966"},"modified":"2025-09-30T08:38:30","modified_gmt":"2025-09-30T06:38:30","slug":"zastita-i-spasavanje","status":"publish","type":"page","link":"https:\/\/matulji.hr\/portal\/zastita-i-spasavanje\/","title":{"rendered":"Za\u0161tita i spa\u0161avanje"},"content":{"rendered":"<p><a class=\"button\" href=\"https:\/\/matulji.hr\/pocetna\/vatrogastvo\/\">VATROGASTVO<\/a><\/p>\n<p><a class=\"button\" href=\"https:\/\/matulji.hr\/pocetna\/civilna-zastita\/\">CIVILNA ZA\u0160TITA<\/a><\/p>\n<p><a class=\"button\" href=\"https:\/\/matulji.hr\/pocetna\/wp-content\/uploads\/2021\/09\/PROGRAM-ZASTITE-DIVLJACI-OPCINE-MATULJI.pdf\">PROGRAM ZA\u0160TITE DIVLJA\u010cI<\/a><\/p>\n<p><a class=\"button\" href=\"https:\/\/matulji.hr\/portal\/wp-content\/uploads\/2025\/09\/odluka-imenovanje-stozera-cz.pdf\">Imenovanje Sto\u017eera civilne za\u0161tite Op\u0107ine MAtulji<\/a><\/p>\n<p>&nbsp;<\/p>\n","protected":false},"excerpt":{"rendered":"<p>VATROGASTVO CIVILNA ZA\u0160TITA PROGRAM ZA\u0160TITE DIVLJA\u010cI Imenovanje Sto\u017eera civilne za\u0161tite Op\u0107ine MAtulji &nbsp;<\/p>\n","protected":false},"author":2,"featured_media":0,"parent":0,"menu_order":0,"comment_status":"closed","ping_status":"closed","template":"","meta":{"footnotes":""},"class_list":["post-6966","page","type-page","status-publish","hentry"],"_links":{"self":[{"href":"https:\/\/matulji.hr\/portal\/wp-json\/wp\/v2\/pages\/6966","targetHints":{"allow":["GET"]}}],"collection":[{"href":"https:\/\/matulji.hr\/portal\/wp-json\/wp\/v2\/pages"}],"about":[{"href":"https:\/\/matulji.hr\/portal\/wp-json\/wp\/v2\/types\/page"}],"author":[{"embeddable":true,"href":"https:\/\/matulji.hr\/portal\/wp-json\/wp\/v2\/users\/2"}],"replies":[{"embeddable":true,"href":"https:\/\/matulji.hr\/portal\/wp-json\/wp\/v2\/comments?post=6966"}],"version-history":[{"count":4,"href":"https:\/\/matulji.hr\/portal\/wp-json\/wp\/v2\/pages\/6966\/revisions"}],"predecessor-version":[{"id":12320,"href":"https:\/\/matulji.hr\/portal\/wp-json\/wp\/v2\/pages\/6966\/revisions\/12320"}],"wp:attachment":[{"href":"https:\/\/matulji.hr\/portal\/wp-json\/wp\/v2\/media?parent=6966"}],"curies":[{"name":"wp","href":"https:\/\/api.w.org\/{rel}","templated":true}]}}