{"id":5940,"date":"2020-05-26T10:57:22","date_gmt":"2020-05-26T08:57:22","guid":{"rendered":"http:\/\/matulji.hr\/pocetna\/?page_id=5940"},"modified":"2026-02-23T11:20:33","modified_gmt":"2026-02-23T10:20:33","slug":"potpore-opcine-matulji","status":"publish","type":"page","link":"https:\/\/matulji.hr\/portal\/potpore-opcine-matulji\/","title":{"rendered":"Potpore Op\u0107ine Matulji"},"content":{"rendered":"\n<p><a href=\"https:\/\/matulji.hr\/portal\/javni-poziv-poduzetnicima-za-dodjelu-potpora-za-poticanje-razvoja-malog-gospodarstva-opcine-matulji-za-2026-godinu\/\">JAVNI&nbsp; POZIV PODUZETNICIMA ZA DODJELU POTPORA ZA POTICANJE RAZVOJA MALOG GOSPODARSTVA OP\u0106INE MATULJI ZA 2026. GODINU<\/a><\/p>\n\n\n\n<p><a href=\"https:\/\/matulji.hr\/portal\/javni-poziv-za-podnosenje-zahtjeva-za-dodjelu-potpora-poljoprivredi-na-podrucju-opcine-matulji-za-2026-godinu\/\">JAVNI POZIV ZA PODNO\u0160ENJE ZAHTJEVA ZA DODJELU POTPORA POLJOPRIVREDI NA PODRU\u010cJU OP\u0106INE MATULJI ZA 2026. GODINU<\/a><\/p>\n\n\n\n<p><strong>ARHIVA: <\/strong><\/p>\n\n\n<p><a href=\"https:\/\/matulji.hr\/portal\/javni-poziv-poduzetnicima-za-dodjelu-potpora-za-poticanje-razvoja-malog-gospodarstva-opcine-matulji-za-2025-godinu\/\">JAVNI POZIV PODUZETNICIMA ZA DODJELU POTPORA ZA POTICANJE RAZVOJA MALOG GOSPODARSTVA OP\u0106INE MATULJI ZA 2025. GODINU<\/a><\/p>\n\n\n<p><a href=\"https:\/\/matulji.hr\/portal\/javni-poziv-za-podnosenje-zahtjeva-za-dodjelu-potpora-poljoprivredi-na-podrucju-opcine-matulji-za-2025-godinu\/\">JAVNI POZIV ZA PODNO\u0160ENJE ZAHTJEVA ZA DODJELU POTPORA POLJOPRIVREDI NA PODRU\u010cJU OP\u0106INE MATULJI ZA 2025. GODINU<\/a><\/p>\n","protected":false},"excerpt":{"rendered":"<p>JAVNI&nbsp; POZIV PODUZETNICIMA ZA DODJELU POTPORA ZA POTICANJE RAZVOJA MALOG GOSPODARSTVA OP\u0106INE MATULJI ZA 2026. GODINU JAVNI POZIV ZA PODNO\u0160ENJE ZAHTJEVA ZA DODJELU POTPORA POLJOPRIVREDI NA PODRU\u010cJU OP\u0106INE MATULJI ZA 2026. GODINU ARHIVA: JAVNI POZIV PODUZETNICIMA ZA DODJELU POTPORA ZA POTICANJE RAZVOJA MALOG GOSPODARSTVA OP\u0106INE MATULJI ZA 2025. GODINU JAVNI POZIV ZA PODNO\u0160ENJE ZAHTJEVA ZA DODJELU POTPORA POLJOPRIVREDI NA PODRU\u010cJU OP\u0106INE MATULJI ZA 2025. GODINU<\/p>\n","protected":false},"author":2,"featured_media":0,"parent":0,"menu_order":0,"comment_status":"closed","ping_status":"closed","template":"","meta":{"footnotes":""},"class_list":["post-5940","page","type-page","status-publish","hentry"],"_links":{"self":[{"href":"https:\/\/matulji.hr\/portal\/wp-json\/wp\/v2\/pages\/5940","targetHints":{"allow":["GET"]}}],"collection":[{"href":"https:\/\/matulji.hr\/portal\/wp-json\/wp\/v2\/pages"}],"about":[{"href":"https:\/\/matulji.hr\/portal\/wp-json\/wp\/v2\/types\/page"}],"author":[{"embeddable":true,"href":"https:\/\/matulji.hr\/portal\/wp-json\/wp\/v2\/users\/2"}],"replies":[{"embeddable":true,"href":"https:\/\/matulji.hr\/portal\/wp-json\/wp\/v2\/comments?post=5940"}],"version-history":[{"count":5,"href":"https:\/\/matulji.hr\/portal\/wp-json\/wp\/v2\/pages\/5940\/revisions"}],"predecessor-version":[{"id":12861,"href":"https:\/\/matulji.hr\/portal\/wp-json\/wp\/v2\/pages\/5940\/revisions\/12861"}],"wp:attachment":[{"href":"https:\/\/matulji.hr\/portal\/wp-json\/wp\/v2\/media?parent=5940"}],"curies":[{"name":"wp","href":"https:\/\/api.w.org\/{rel}","templated":true}]}}