{"id":4877,"date":"2019-08-09T18:40:20","date_gmt":"2019-08-09T18:40:20","guid":{"rendered":"http:\/\/matulji.hr\/pocetna\/?page_id=4877"},"modified":"2023-06-21T14:20:49","modified_gmt":"2023-06-21T13:20:49","slug":"vijeca-nacionalnih-manjina","status":"publish","type":"page","link":"https:\/\/matulji.hr\/portal\/vijeca-nacionalnih-manjina\/","title":{"rendered":"Vije\u0107a nacionalnih manjina"},"content":{"rendered":"<p><a class=\"button\" href=\"https:\/\/matulji.hr\/pocetna\/wp-content\/uploads\/2019\/08\/Izabrani-\u010dlanovi-vije\u0107a-slovenske-nacionalne-manjine-Op\u0107ine-Matulji.pdf\">Izabrani \u010dlanovi vije\u0107a slovenske nacionalne manjine Op\u0107ine Matulji<\/a><\/p>\n<p><a class=\"button\" href=\"https:\/\/matulji.hr\/pocetna\/wp-content\/uploads\/2019\/08\/Izabrani-\u010dlanovi-vije\u0107a-srpske-nacionalne-manjine-u-Op\u0107ini-Matulji.pdf\">Izabrani \u010dlanovi vije\u0107a srpske nacionalne manjine u Op\u0107ini Matulji<\/a><\/p>\n<p><a class=\"button\" href=\"https:\/\/matulji.hr\/pocetna\/wp-content\/uploads\/2019\/08\/Izabrani-predstavnici-talijanske-nacionalne-manjine-u-Op\u0107ini-Matulji.pdf\">Izabrani predstavnici talijanske nacionalne manjine u Op\u0107ini Matulji<\/a><\/p>\n<p><a class=\"button\" href=\"https:\/\/matulji.hr\/portal\/wp-content\/uploads\/2023\/06\/Izabrani-clanovi-Vijeca-slovenske-nacionalne-manjine-1.docx\">Izabrano Vije\u0107e slovenske nacionalne manjine 2023.<\/a><\/p>\n<p><a class=\"button\" href=\"https:\/\/matulji.hr\/portal\/wp-content\/uploads\/2023\/06\/Izabrani-predstavnik-srpske-nacionalne-manjine-1.docx\">Izabrani Predstavnik srpske nacionalne manjine 2023.<\/a><\/p>\n","protected":false},"excerpt":{"rendered":"<p>Izabrani \u010dlanovi vije\u0107a slovenske nacionalne manjine Op\u0107ine Matulji Izabrani \u010dlanovi vije\u0107a srpske nacionalne manjine u Op\u0107ini Matulji Izabrani predstavnici talijanske nacionalne manjine u Op\u0107ini Matulji Izabrano Vije\u0107e slovenske nacionalne manjine 2023. Izabrani Predstavnik srpske nacionalne manjine 2023.<\/p>\n","protected":false},"author":2,"featured_media":0,"parent":0,"menu_order":0,"comment_status":"closed","ping_status":"closed","template":"","meta":{"footnotes":""},"class_list":["post-4877","page","type-page","status-publish","hentry"],"_links":{"self":[{"href":"https:\/\/matulji.hr\/portal\/wp-json\/wp\/v2\/pages\/4877","targetHints":{"allow":["GET"]}}],"collection":[{"href":"https:\/\/matulji.hr\/portal\/wp-json\/wp\/v2\/pages"}],"about":[{"href":"https:\/\/matulji.hr\/portal\/wp-json\/wp\/v2\/types\/page"}],"author":[{"embeddable":true,"href":"https:\/\/matulji.hr\/portal\/wp-json\/wp\/v2\/users\/2"}],"replies":[{"embeddable":true,"href":"https:\/\/matulji.hr\/portal\/wp-json\/wp\/v2\/comments?post=4877"}],"version-history":[{"count":2,"href":"https:\/\/matulji.hr\/portal\/wp-json\/wp\/v2\/pages\/4877\/revisions"}],"predecessor-version":[{"id":9923,"href":"https:\/\/matulji.hr\/portal\/wp-json\/wp\/v2\/pages\/4877\/revisions\/9923"}],"wp:attachment":[{"href":"https:\/\/matulji.hr\/portal\/wp-json\/wp\/v2\/media?parent=4877"}],"curies":[{"name":"wp","href":"https:\/\/api.w.org\/{rel}","templated":true}]}}