{"id":229,"date":"2014-08-17T19:45:06","date_gmt":"2014-08-17T19:45:06","guid":{"rendered":"http:\/\/matulji.hr\/pocetna\/?page_id=229"},"modified":"2023-10-25T10:37:00","modified_gmt":"2023-10-25T08:37:00","slug":"sport","status":"publish","type":"page","link":"https:\/\/matulji.hr\/portal\/sport\/","title":{"rendered":"Sport"},"content":{"rendered":"\n<figure class=\"wp-block-image size-full\"><img loading=\"lazy\" decoding=\"async\" width=\"814\" height=\"483\" src=\"https:\/\/matulji.hr\/portal\/wp-content\/uploads\/2023\/10\/zsuom.jpg\" alt=\"\" class=\"wp-image-10250\" srcset=\"https:\/\/matulji.hr\/portal\/wp-content\/uploads\/2023\/10\/zsuom.jpg 814w, https:\/\/matulji.hr\/portal\/wp-content\/uploads\/2023\/10\/zsuom-300x178.jpg 300w, https:\/\/matulji.hr\/portal\/wp-content\/uploads\/2023\/10\/zsuom-768x456.jpg 768w\" sizes=\"auto, (max-width: 814px) 100vw, 814px\" \/><\/figure>\n\n\n\n<p><strong>O ZAJEDNICI:<\/strong><\/p>\n\n\n\n<p>Zajednica sportskih udruga Op\u0107ine Matulji osnovana je 2002. godine. Krovni organ Zajednice je izvr\u0161ni odbor \u010diji se sastanci redovito odr\u017eavaju u svrhu pobolj\u0161anja djelovanja. Tako\u0111er, redovito se odr\u017eavaju godi\u0161nje dodjele nagrada najboljim sporta\u0161ima Op\u0107ine Matulji koje dodjeljuje Zajednica sportskih udruga, te su uvedene i nagrade za vrhunski sport. Sporta\u0161i Op\u0107ine Matulji pokazali su da imaju veliku snagu i perspektivu, kako u vrhunskim svjetskim rezultatima, tako i u masovnosti bavljenja sportom koja je neophodna kako bi iz nje ponikao vrhunski sportski rezultat.<\/p>\n\n\n\n<p>Na izbornoj Skup\u0161tini Zajednice sportskih udruga Op\u0107ine Matulji 29. svibnja 2020. godine za&nbsp; predsjednika Zajednice za mandatno razdoblje godine izabran je&nbsp; Tin Jura\u010di\u0107 (Ko\u0161arka\u0161ki klub \u201eMatulji 2000\u201c). Za \u010dlanove Izvr\u0161nog odbora izabrani su: Tin Jura\u010di\u0107 (Ko\u0161arka\u0161ki klub \u201eMatulji 2000\u201c, Goran Lu\u010din (Karate klub \u201eMetal\u201c Jurdani), Marin \u017depina (Odbojka\u0161ki klub \u201eMatulji 2004\u201c), Damir Zrin\u0161\u010dak (Pikado klub \u201eDM\u201c), Marin Golemac (Malonogometni klub \u201eKvarner\u201c). U Nadzorni odbor Zajednice sportskog saveza Op\u0107ine Matulji izabrani su: Marko \u0160epi\u0107 (Badminton klub \u201eRukavac\u201c), Ivo Peran (Sportsko ribolovno dru\u0161tvo \u201ePreluk\u201c).<\/p>\n\n\n\n<p><strong>KONTAKT:<\/strong><\/p>\n\n\n\n<p>Manuela Sirotnjak, tajnica Zajednice sportskih udruga Op\u0107ine Matulji<br>0911122120<br>tajnistvo.zsuom@gmail.com<\/p>\n\n\n\n<p><strong>SPORTSKI KLUBOVI:<\/strong><\/p>\n\n\n\n<p><strong>Auto klub \u201eU\u010dka sport\u201c<\/strong><\/p>\n\n\n\n<p><strong>Badminton klub \u201eRukavac\u201c<\/strong><\/p>\n\n\n\n<p><strong>Bo\u0107arski klub \u201eKorensko\u201c<\/strong><\/p>\n\n\n\n<p><strong>Bo\u0107arski klub \u201eMatulji\u201c<\/strong><\/p>\n\n\n\n<p><strong>Bo\u0107arski klub \u201e\u017deljezni\u010dar\u201c<\/strong><\/p>\n\n\n\n<p><strong>Ko\u0161arka\u0161ki klub \u201eMatulji 2000\u201c<\/strong><\/p>\n\n\n\n<p><strong>Karate klub \u201eMetal\u201c<\/strong><\/p>\n\n\n\n<p><strong>Motocross klub \u201eKvarner\u201c<\/strong><\/p>\n\n\n\n<p><strong>Malonogometni klub \u201eKvarner\u201c<\/strong><\/p>\n\n\n\n<p><strong>Moto klub \u201eMatulji Racing\u201c<\/strong><\/p>\n\n\n\n<p><strong>Nogometni klub \u201eMune\u201c<\/strong><\/p>\n\n\n\n<p><strong>Odbojka\u0161ki klub \u201eMatulji 2004\u201c<\/strong><\/p>\n\n\n\n<p><strong>Paintball klub \u201eRukavac\u201c<\/strong><\/p>\n\n\n\n<p><strong>Pikado klub \u201eDM\u201c<\/strong><\/p>\n\n\n\n<p><strong>Sportsko ribolovno dru\u0161tvo \u201ePreluk\u201c<\/strong><\/p>\n\n\n\n<p><strong>Stolnoteniski klub \u201eMatulji\u201c<\/strong><\/p>\n\n\n\n<p><strong>Tenis klub \u201eRukavac\u201c<\/strong><\/p>\n\n\n\n<p><strong>Triatlon klub \u201eMatulji\u201c<\/strong><\/p>\n","protected":false},"excerpt":{"rendered":"<p>O ZAJEDNICI: Zajednica sportskih udruga Op\u0107ine Matulji osnovana je 2002. godine. Krovni organ Zajednice je izvr\u0161ni odbor \u010diji se sastanci redovito odr\u017eavaju u svrhu pobolj\u0161anja djelovanja. Tako\u0111er, redovito se odr\u017eavaju godi\u0161nje dodjele nagrada najboljim sporta\u0161ima Op\u0107ine Matulji koje dodjeljuje Zajednica sportskih udruga, te su uvedene i nagrade za vrhunski sport. Sporta\u0161i Op\u0107ine Matulji pokazali su da imaju veliku snagu i perspektivu, kako u vrhunskim svjetskim rezultatima, tako i u masovnosti bavljenja sportom koja je neophodna kako bi iz nje ponikao vrhunski sportski rezultat. Na izbornoj Skup\u0161tini Zajednice sportskih udruga Op\u0107ine&#8230; <\/p>\n","protected":false},"author":2,"featured_media":0,"parent":0,"menu_order":0,"comment_status":"closed","ping_status":"closed","template":"","meta":{"footnotes":""},"class_list":["post-229","page","type-page","status-publish","hentry"],"_links":{"self":[{"href":"https:\/\/matulji.hr\/portal\/wp-json\/wp\/v2\/pages\/229","targetHints":{"allow":["GET"]}}],"collection":[{"href":"https:\/\/matulji.hr\/portal\/wp-json\/wp\/v2\/pages"}],"about":[{"href":"https:\/\/matulji.hr\/portal\/wp-json\/wp\/v2\/types\/page"}],"author":[{"embeddable":true,"href":"https:\/\/matulji.hr\/portal\/wp-json\/wp\/v2\/users\/2"}],"replies":[{"embeddable":true,"href":"https:\/\/matulji.hr\/portal\/wp-json\/wp\/v2\/comments?post=229"}],"version-history":[{"count":1,"href":"https:\/\/matulji.hr\/portal\/wp-json\/wp\/v2\/pages\/229\/revisions"}],"predecessor-version":[{"id":10251,"href":"https:\/\/matulji.hr\/portal\/wp-json\/wp\/v2\/pages\/229\/revisions\/10251"}],"wp:attachment":[{"href":"https:\/\/matulji.hr\/portal\/wp-json\/wp\/v2\/media?parent=229"}],"curies":[{"name":"wp","href":"https:\/\/api.w.org\/{rel}","templated":true}]}}