{"id":10568,"date":"2024-02-15T20:04:29","date_gmt":"2024-02-15T19:04:29","guid":{"rendered":"https:\/\/matulji.hr\/portal\/?page_id=10568"},"modified":"2026-02-26T11:06:51","modified_gmt":"2026-02-26T10:06:51","slug":"financiranje-javnih-potreba-u-kulturi","status":"publish","type":"page","link":"https:\/\/matulji.hr\/portal\/financiranje-javnih-potreba-u-kulturi\/","title":{"rendered":"Financiranje javnih potreba u kulturi"},"content":{"rendered":"\n<p><a href=\"https:\/\/matulji.hr\/portal\/wp-content\/uploads\/2026\/02\/Obrazac-8.-Opisno-izvjesce-provedbe-programa-ili-projekta_poziv-kultura-2026.docx\">Obrazac 8. Opisno izvje\u0161\u0107e provedbe programa ili projekta<\/a><\/p>\n\n\n\n<p><a href=\"https:\/\/matulji.hr\/portal\/wp-content\/uploads\/2026\/02\/Izvjestaj-o-utrosenim-sredstvima_javni-poziv-kultura-2026.xlsx\">Izvje\u0161taj o utro\u0161enim sredstvima <\/a><\/p>\n\n\n\n<p><a href=\"https:\/\/matulji.hr\/portal\/wp-content\/uploads\/2026\/02\/Zahtjev-za-doznaku-sredstava-2026.docx\">Zahtjev za doznaku sredstava 2026.<\/a><\/p>\n\n\n\n<p><\/p>\n","protected":false},"excerpt":{"rendered":"<p>Obrazac 8. Opisno izvje\u0161\u0107e provedbe programa ili projekta Izvje\u0161taj o utro\u0161enim sredstvima Zahtjev za doznaku sredstava 2026.<\/p>\n","protected":false},"author":3,"featured_media":0,"parent":0,"menu_order":0,"comment_status":"closed","ping_status":"closed","template":"","meta":{"footnotes":""},"class_list":["post-10568","page","type-page","status-publish","hentry"],"_links":{"self":[{"href":"https:\/\/matulji.hr\/portal\/wp-json\/wp\/v2\/pages\/10568","targetHints":{"allow":["GET"]}}],"collection":[{"href":"https:\/\/matulji.hr\/portal\/wp-json\/wp\/v2\/pages"}],"about":[{"href":"https:\/\/matulji.hr\/portal\/wp-json\/wp\/v2\/types\/page"}],"author":[{"embeddable":true,"href":"https:\/\/matulji.hr\/portal\/wp-json\/wp\/v2\/users\/3"}],"replies":[{"embeddable":true,"href":"https:\/\/matulji.hr\/portal\/wp-json\/wp\/v2\/comments?post=10568"}],"version-history":[{"count":5,"href":"https:\/\/matulji.hr\/portal\/wp-json\/wp\/v2\/pages\/10568\/revisions"}],"predecessor-version":[{"id":12885,"href":"https:\/\/matulji.hr\/portal\/wp-json\/wp\/v2\/pages\/10568\/revisions\/12885"}],"wp:attachment":[{"href":"https:\/\/matulji.hr\/portal\/wp-json\/wp\/v2\/media?parent=10568"}],"curies":[{"name":"wp","href":"https:\/\/api.w.org\/{rel}","templated":true}]}}